*f + c. Suppose 3*m + 2*j = 90, -2*m + 30 + f = 2*j. List the prime factors of m.
2, 3, 5
Suppose -k + 37 = -3*a, -3*k + 0*k = 4*a - 137. Suppose -k*o + 49*o - 1212 = 0. What are the prime factors of o?
2, 101
List the prime factors of (45/(-10))/(6/(-1156)).
3, 17
Let j(t) = -6*t - 7*t - 3*t - 3. List the prime factors of j(-4).
61
Let q = 128 - 125. Suppose t + 3*a + a = 259, -q*t + 3*a = -852. What are the prime factors of t?
3, 31
Let i(a) = a**2 - 7*a + 8. Let k = -19 + 24. Let f be i(k). What are the prime factors of (f/5)/((-22)/2915)?
53
Let c(t) = 2*t + 26. Let q be c(-12). Suppose q*r - 11 - 13 = 0. Let b = r + -2. List the prime factors of b.
2, 5
Suppose 9*p = 3*p + 42. Let r = p - -21. List the prime factors of r.
2, 7
Suppose 5*m = 4*u - 5388, 2*u - 8*m - 2694 = -10*m. List the prime factors of u.
3, 449
Let s be 3 + (-2 - (-3 + 9)). Let n = s - -7. What are the prime factors of 4/1 + (-4)/n?
2
Let b = 3525 + -1270. What are the prime factors of b?
5, 11, 41
Let d(m) = -2*m**2 + 8. Suppose 0*h - 5*h = 4*h. What are the prime factors of d(h)?
2
Suppose 4*b = -5*r + 5177, -4*b + 3*r + 5172 = 7*r. List the prime factors of b.
2, 7, 23
Let j(g) = 93*g + 416. What are the prime factors of j(32)?
2, 53
Let h = -25 + 3185. List the prime factors of h.
2, 5, 79
Let l(c) = -c**2 - 10*c + 4. Let u be l(-11). Let v = 7 + u. List the prime factors of v + -1 + (-136)/(-4).
3, 11
Suppose w = 4*w. Suppose -14 + w = 2*z. Let s(m) = m**2 + 6*m + 2. List the prime factors of s(z).
3
Suppose 2*m = 4*i + 308, -4*i + 7*i = m - 230. Let y = -25 - i. Suppose 4*l - 3*a = 2*a + y, -5*l + 72 = 2*a. List the prime factors of l.
2, 7
Suppose 2*s - 14 = -0*h - 3*h, -2*h + s = -21. Let a = -3 + h. Suppose -4*t + 2*r = -t - 82, 3*t - a*r - 70 = 0. What are the prime factors of t?
2, 3, 5
Let f(b) = -b**3 + 10*b**2 + 5*b - 38. Let m be f(-11). Suppose -18*t + 26*t = m. What are the prime factors of t?
2, 3, 17
Let q be 3*(-8)/12 + 5. Suppose -q*t = -2*l + 2 + 5, -5*l + t + 11 = 0. What are the prime factors of l + (-5)/(10/(-128))?
2, 3, 11
Let v = 2 + 0. Suppose -5*x + v = -18. Suppose -x*n = -2*n - 22. List the prime factors of n.
11
Suppose -4 = -z - 0. Let w(y) = -12*y - 3. Let d be w(z). Let q = d - -79. List the prime factors of q.
2, 7
Let k = 2095 + 1130. List the prime factors of k.
3, 5, 43
Suppose 5*k + 4*u = -43, 7*k - 4*k - 5*u + 11 = 0. Let j = k + 43. List the prime factors of j.
2, 3
Let j(y) = 172*y + 25. List the prime factors of j(3).
541
Suppose 0 = 18*j - 11*j - 7588. What are the prime factors of j?
2, 271
Let z = -5 + -1. Let t(k) be the first derivative of k**4/4 + 5*k**3/3 - 3*k**2 + 4*k - 7. List the prime factors of t(z).
2
What are the prime factors of (5 + -2)/((-39)/(-22789))?
1753
Let h = 22 + -15. Let t(s) = s**3 - 6*s**2 - 4*s + 10. Let z be t(h). Let r = -22 + z. List the prime factors of r.
3
Let c(n) = 6*n + 0*n**2 - n**2 + 11 - 6. Let y be c(5). Suppose -w + y + 9 = 2*d, 3*d + 2*w = 31. What are the prime factors of d?
7
Suppose -514 = 3*h + s, -4*h - 4*s - 33 = 663. List the prime factors of 1/(3 + 508/h).
5, 17
Let b be (-8)/(-20)*180/4. Suppose -3*k + 2*k - 3*c = -b, k = -4*c + 22. What are the prime factors of k?
2, 3
Let s be ((-10)/((-2)/(-1)))/(-1 + 0). Suppose -s*j + 97 = q, 30 = 2*j - 3*q - q. What are the prime factors of j?
19
Let m be (6/4 - -2)*-6. Let x(t) = 9*t - 16. Let z be x(2). Let b = z - m. What are the prime factors of b?
23
Let g be (-1)/(8/(-20)*(-10)/(-12)). List the prime factors of 34/4 + g/2.
2, 5
Suppose 120*p + 18 = 122*p. What are the prime factors of p?
3
Suppose 4*m - 2100 = -2*g, -2*g + 605 + 970 = 3*m. What are the prime factors of m?
3, 5, 7
Let p(n) = n - 1 + 15*n + 2 + 1. Let f be p(2). Suppose 0 = -7*y + 1 + f. List the prime factors of y.
5
Suppose -31*t = -25*t - 9006. List the prime factors of t.
19, 79
Suppose -27*o = 44*o - 101885. List the prime factors of o.
5, 7, 41
Let q = -2312 - -5957. What are the prime factors of q?
3, 5
Suppose 54*w = 62*w - 7328. What are the prime factors of w?
2, 229
Suppose -79*o = -71*o - 2496. List the prime factors of o.
2, 3, 13
Let t = -3728 + 5252. List the prime factors of t.
2, 3, 127
Let d = -8 + 11. List the prime factors of 241/d + 2/(-6).
2, 5
Let i = 367 + 44. What are the prime factors of i?
3, 137
Suppose 2*d + 1092 = 3*s - 327, 0 = -s + 4*d + 473. List the prime factors of s.
11, 43
Suppose 5*c - 5 - 10 = 0. Suppose 8*s - 28 - 12 = 0. Suppose s*v = c*v + 98. List the prime factors of v.
7
Let r(g) = 3*g - 22. Let f be r(8). Suppose 22 = f*q - 286. List the prime factors of q.
2, 7, 11
Let x(b) = -b**2 - 5*b - 6. Let r be x(-3). Suppose -2*u = -r*u + 5*z - 57, 5*u - 90 = -2*z. List the prime factors of u.
2
Let l be (-48)/5 - 6/15. Let f = 12 + l. List the prime factors of (f/(-3))/(4/(-42)).
7
Suppose h + 64 = -3*h. Let s = -16 - h. Suppose 5*m + s*m = 100. List the prime factors of m.
2, 5
Let w be (-85)/(4/6*24/(-128)). Suppose 4*x = 14*x - w. What are the prime factors of x?
2, 17
Suppose 5*z + 3*i - 22548 = 0, -14*i + 9*i + 5 = 0. What are the prime factors of z?
3, 167
Let y(f) = 2*f**3 + 2*f**2 - 36*f + 94. What are the prime factors of y(3)?
2, 29
Let o = 6 - 2. Let k(t) = t**3 - 5*t**2 + 4*t + 4. Let g be k(o). Suppose 5*u + 4 = -6, -5*u = g*d - 102. What are the prime factors of d?
2, 7
Suppose 4 = q, q - 1052 = 4*r - 2*q. Let v = r + 404. What are the prime factors of v?
2, 3
Let n(f) = -f - 22. Let b be n(-18). Let i(w) = -2*w**2 - 6*w - 6. Let z be i(b). Let l = 55 + z. List the prime factors of l.
41
Suppose -7*p + 7460 = -14359. What are the prime factors of p?
3, 1039
Suppose 13*b = 2*m + 8*b - 459, -5*m = -2*b - 1179. List the prime factors of m.
3, 79
Suppose k - 21 = -16. Suppose -k = 8*w - 9*w. Let h = 9 - w. What are the prime factors of h?
2
Let w = -60 + 56. List the prime factors of (-10)/w*234/5.
3, 13
Let q(x) = 2*x**2 + 6*x + 4. Suppose l - 35 = 3*k, 2*k = 3*k + 2*l. What are the prime factors of q(k)?
2, 3
Suppose 18*h = 33*h - 3900. List the prime factors of h.
2, 5, 13
Suppose -4*m - r = 2*r - 171, 3*m = 5*r + 150. Suppose w - 77 = 2*q, 0 = 3*q + 2*w + m + 60. Let g = q + 69. List the prime factors of g.
2
Let s be (15/(-2))/(-5)*(-96)/8. Suppose -a + 34 = 2*a - y, 0 = -3*a - 5*y + 28. Let h = a - s. List the prime factors of h.
29
Let s(t) be the third derivative of t**4/24 + 3*t**3 - 4*t**2. Let l = 42 + -50. List the prime factors of s(l).
2, 5
Let w = 73 + -74. What are the prime factors of 9555/63 + w + (-8)/(-6)?
2, 19
Let z(y) = -15*y + 18. Let o be z(2). List the prime factors of ((-308)/15)/(o/18)*5.
2, 7, 11
Let l(u) = -87*u + 3. Let b be l(-1). What are the prime factors of 2 - ((-4)/18 + (-10060)/b)?
2, 3, 19
Suppose 0 = 2*d - 4*s - 996, -2*d - s + 1052 = 81. List the prime factors of d.
2, 61
Let t(z) = 3*z**3 - z**2 - z + 2. Let a be t(2). Let l be (-259)/(-6) - 4/24. Suppose -a = -3*i + l. List the prime factors of i.
3, 7
Let j be 8/(-16) + 9/(-2). Let r(q) be the second derivative of -q**4/12 - 5*q**3/3 - 7*q**2/2 - 2*q. List the prime factors of r(j).
2, 3
Let s(l) = l**2 - 14*l + 8. Suppose -4*x = 4*v + 40, -25 = 5*x - 2*x - 2*v. What are the prime factors of s(x)?
5, 43
Let b(p) = -332*p + 40. List the prime factors of b(-4).
2, 3, 19
Let k(f) = -14*f - 12. Let v(m) = 7*m + 13. Let w be v(-3). List the prime factors of k(w).
2, 5
Suppose 5*q = 2*p - 107 - 28, -4*q - 108 = -3*p. Let t be 20/9 + 6/q. List the prime factors of 65/2 + t/4.
3, 11
Let n = 15 - 9. Let u be (4 - -2) + n/(-3). Let d = u - -4. What are the prime factors of d?
2
List the prime factors of (5072/(-6)*1)/(6/(-18)).
2, 317
Suppose -a - 3 = -5. Suppose -26 + 6 = -10*b. Suppose -b*f - 38 = -2*i, 4*i - a*f = 3*f + 79. What are the prime factors of i?
2
Let h be 90 - 3*(-4)/(-6). Suppose 0 = -2*a + 6*a - h. Suppose -4*g + 5*j = -g - a, g = 2*j + 8. What are the prime factors of g?
2
Suppose -462*o + 4528 = -454*o. What are the prime factors of o?
2, 283
Suppose 9*u = 12*u - 72. Let g be (-24)/(-84) - u/(-14). Let a(h) = 21*h - 5. List the prime factors of a(g).
37
Let d(k) = -k**2 + 7*k - 6. Let x(l) = 1. Let v(w) = d(w) - 6*x(w). Let y be v(6). List the prime factors of y/(1*(-4)/30).
3, 5
Suppose 27064 = -116*c + 124